Let x be b(5). Is 116 - 1*(3 - x) composite?
True
Let f = 255 - 92. Suppose 3*c - 446 = f. Is c prime?
False
Let p = -5 - -5. Suppose -t + p = 2. Is -2 - 18*3/t prime?
False
Suppose 10 = -x + 6*x, -5*x + 15266 = 4*p. Is p a composite number?
True
Let n(k) = -k + 8*k**2 - 5*k**3 - k + 2 - 6*k + 0*k**3. Let t be n(6). Is t/(-4) + (-5)/10 composite?
True
Suppose 5 + 13 = -3*x + 3*o, 5*x + 2*o + 37 = 0. Let c = 12 + x. Let m(n) = -n**3 + 8*n**2 - 5*n + 7. Is m(c) a prime number?
False
Suppose -5*h - 5*p + 25 = -0*p, 2*h - 12 = -4*p. Suppose 2 + h = 2*i. Suppose 0 = -4*l + 3*m + 5, -i*l - 3*m = -0*l - 9. Is l a prime number?
True
Suppose 10938 = 16*x - 14*x. Is x a prime number?
False
Is -2 + (0 - -4) + 2745 composite?
True
Let k(y) = y + 2. Let d be k(4). Suppose 3*i - d = 51. Is i composite?
False
Let k be 6/(3*2/6). Let s(l) = -k*l - 3*l + 4*l. Is s(-3) composite?
True
Suppose r - 3*r + 4*c - 62 = 0, r - 4*c + 23 = 0. Let n = r + 94. Is n prime?
False
Let m = -6 - -8. Suppose -3*i + 9 = -m*g, 16 = -4*g - 5*i + 53. Suppose -g*w - 3*r = 2*r - 369, 2*r = 4*w - 492. Is w a composite number?
True
Let a be ((-6)/(-4))/((-2)/(-8)). Suppose -f + 19 = -11. Suppose 0 = 5*i + q - 36, f = 5*i + q - a*q. Is i composite?
False
Is 3 - (1834/(-2) - -3) composite?
True
Suppose -16*t - 1759 = -17*t. Is t composite?
False
Suppose 4*b + 200 = 12*b. Is b prime?
False
Let q be -1 - (-1 + 9/1). Let o(r) = r**3 + 9*r**2 + r + 11. Let y be o(q). Is 2 - -17*(3 - y) prime?
True
Let x(p) = 2 - 2 + 19*p. Let a be x(1). Suppose -3*b - b - a = -n, 195 = 5*n + 5*b. Is n prime?
False
Let x be (-1319)/(-3) - (-1)/3. Suppose -n + 3*n = x. Suppose 2*p - n = -2*p. Is p composite?
True
Suppose -32255 = -4*d - 10923. Is d composite?
False
Let z(i) = -54*i + 3. Let j be z(-3). Suppose 163 = 5*y - s + 5*s, 5*y = -5*s + j. Is y composite?
False
Suppose -2081 = -5*y + 774. Is y a prime number?
True
Let w(a) be the third derivative of a**4/4 + 5*a**3/6 - 2*a**2. Let y be w(5). Let k = y - 22. Is k a composite number?
False
Let f(l) be the second derivative of l**7/840 + l**6/72 + 3*l**5/40 - l**4/12 - 2*l. Let i(n) be the third derivative of f(n). Is i(-6) a composite number?
True
Let z(k) = -29*k + 6. Let i(n) = -144*n + 31. Let h(l) = 2*i(l) - 11*z(l). Is h(3) prime?
True
Suppose 60 = -l + 6*l. Suppose -2*n + l = 2*n. Suppose n*f - 5*h = 114, 0 = -h - h. Is f a prime number?
False
Let z = 3 + 2. Suppose -3*d + 100 = z*c, c + 4 = -3*c. Is d a composite number?
True
Is (-2 - (4 + -3)) + 430 prime?
False
Suppose 5*a - 1293 - 22 = 0. Is a/(8/2 - 3) composite?
False
Let u = 5 + -5. Let q be 6 + u - (3 + -5). Let f = q + 47. Is f a composite number?
True
Suppose -5*b - s = -4*s - 7180, 5*b = -3*s + 7210. Is b a prime number?
True
Suppose 0 = -4*u + 5*v + 4842, 5*v = -u + 2*v + 1219. Is u composite?
False
Let j = 4 + -4. Suppose j*l = l - y + 2, -y - 10 = 3*l. Is ((-226)/l)/(8/12) a prime number?
True
Suppose -3*z + 4*u + 2649 = 0, -3*u - 902 = -z - 8*u. Is z composite?
False
Let p(i) = -i + 4. Let o be p(5). Let z be o/(-1) + (0 - -2). Suppose a - 62 = 4*v - 11, 3*a - z*v = 117. Is a prime?
False
Suppose 3*c + m = 7, 0 = -4*c + 2*m + 1 - 5. Let n be 3/(c/322*2). Suppose 3*j + 0*j = n. Is j composite?
True
Let f = 4308 - 2911. Is f composite?
True
Suppose 0 = 3*p - 41 - 13. Suppose -3*c + 56 = -3*g - g, -18 = 2*g + c. Let z = g + p. Is z composite?
False
Let k(c) = -79*c - 9. Is k(-4) a prime number?
True
Suppose 0 = -n + 4*n + k - 1213, 0 = 4*n - k - 1608. Is n prime?
False
Suppose -j + 5*j - 26 = -5*q, -4*j = 2*q - 20. Is (j/8)/((-1)/(-334)) a prime number?
True
Let w = -49 - -2. Let o = 66 + w. Is o composite?
False
Let s = 12 - 8. Suppose -s*m = -2*m - 266. Is m a composite number?
True
Let o(k) = 4*k**2 + 3*k + 10. Is o(3) a composite number?
True
Let z(n) be the third derivative of 5*n**4/12 - n**3/3 + 3*n**2. Is z(4) composite?
True
Suppose -a + 1 = -2*h + 6*h, 3*h + a = 1. Let b be (-12 - h - -3)/(-1). Let p(t) = t**3 - 5*t**2 - 12*t - 13. Is p(b) a composite number?
True
Suppose 4*a = 4*m - a - 11, 4*a - 16 = -3*m. Suppose -m*q + 15 = q. Is q composite?
False
Let a = 0 - 10. Let u be 4/10 - 946/a. Let c = u - -38. Is c prime?
False
Let x be (15/30)/(2/20). Suppose -4*d + 1021 = l, 4*d - 991 = x*l - 0*l. Is d a prime number?
False
Suppose 0*v + 90 = 3*v. Let y(m) = 10*m**2 - 3*m + 14. Let h be y(-10). Is (-1)/(-5) + h/v a prime number?
False
Suppose -4*f - 8 = -2*y - 0*y, 4*y = 4*f + 12. Let m be (-3 + y)/((-2)/4). Suppose m*g = -3*g - 5*x + 100, -5*x = -4*g + 35. Is g a composite number?
True
Suppose -4696 = 4*n - 8*n. Is n prime?
False
Is ((-2)/(-4))/(2/508) a prime number?
True
Let n(c) = -c**3 + 5*c**2 - 5*c + 2. Let d be n(3). Suppose 38 = -3*j + d*j + v, 95 = 5*j + 5*v. Is j prime?
True
Let r(l) = -l**2 - 2*l. Let z be r(-1). Let b be 4*z*6/12. Suppose -74 = -0*k - b*k. Is k prime?
True
Let j(f) = 19*f + 4. Let b(y) = y + 1. Let r(w) = 3*b(w) - j(w). Let p = 19 + -27. Is r(p) a prime number?
True
Let w(b) = 15*b**2 + 4*b - 5. Is w(4) a composite number?
False
Let s = 178 + -357. Let f = s + 306. Is f composite?
False
Is (-9)/6 - 339/(-6) a composite number?
True
Suppose -5*q + 13 = 2*f, -13 = -3*f - 3*q + 2. Let i be ((-6)/8)/((-2)/(-88)). Is 8/(-3)*i/f composite?
True
Suppose 7*n - 2*n - 3365 = 0. Is n composite?
False
Suppose 106*i = 103*i + 186. Is i a prime number?
False
Let j = 10735 - 4592. Is j prime?
True
Suppose 3*z - m - 5 = 1, -3*m = 3*z - 18. Suppose -19 = -2*s + 3*q, 3*s - z = -q - 2. Suppose 5*g = -2*p + 245, 2*g - s*p - 89 = -p. Is g prime?
True
Suppose 0 = -b + 2, -f = -3*f + 3*b + 1332. Is f prime?
False
Let w be 9/(-4) - (-4)/16. Let u be ((-42)/9)/((-1)/(-3)). Is (0 + 11)/(w/u) a composite number?
True
Suppose 0 = 4*k - 4*a - 4240, -10 = -a + 3*a. Is k a prime number?
False
Suppose 0 = -3*q - 12, 0*d + d = -4*q + 43. Is d composite?
False
Is (16/24)/(4/3786) a composite number?
False
Let h(c) = -3*c**3 - 6*c**2 - 2*c + 4. Let j be h(-6). Suppose -4*u + j + 168 = 0. Suppose -227 = -3*p + u. Is p a prime number?
True
Let d be (12/(-2) - -3) + 8. Is 6*d + (-8)/(-8) prime?
True
Suppose -5*z = 155 + 345. Let b = -49 - z. Is b a prime number?
False
Let k = -768 - -1723. Is k composite?
True
Suppose 3*m + 184 + 179 = 0. Let l = m - -210. Is l a prime number?
True
Let z(k) be the second derivative of -k**4/12 + k**3/6 + 15*k**2/2 - 4*k. Is z(0) a composite number?
True
Let y(s) = -4*s**2 + 16*s + 2. Let x be y(-7). Let d = 679 + x. Is d prime?
True
Suppose 49*v = 52*v - 1329. Is v composite?
False
Let k(f) = 2*f + 0*f - 2*f - 1 + 4*f. Is k(12) a prime number?
True
Suppose -4*o + 89 = 3*t - 2*t, t + 26 = o. Is o - 0/(-3) - 0 a prime number?
True
Suppose 7 = 2*f + 1. Suppose -644 = -f*r - 179. Is r prime?
False
Let o = -272 - -609. Suppose 0 = 4*z - 3*i + 613, 2*z = -2*i + 13 - o. Let j = z + 250. Is j prime?
False
Let c(w) = w**3 - w**2 - 2*w - 4. Let y be c(3). Suppose 22 + y = -j. Let r = 97 + j. Is r a prime number?
True
Is (75 - -3) + (-6)/(-6) composite?
False
Is ((-154)/(-3))/(36/54) a composite number?
True
Suppose l - 5*y - 1364 + 108 = 0, -y = -5. Is l/14 - 1/2 a prime number?
False
Let h(f) = f**3 + 21*f**2 + 20*f + 19. Is h(-18) composite?
False
Suppose 0 = 5*f - 8*f - 27. Is 112/3 + (-6)/f prime?
False
Suppose 3*z + 2*z = 10. Suppose 2*b + 5*n = -6, 0 = 2*b + z*n + 2*n + 4. Let c(m) = 2*m**2 - 4*m + 2. Is c(b) composite?
False
Suppose 0 = 2*p + 4*b + 26, 121 = -3*p + 2*b + 42. Let z be (-2)/(-7) - p/(-7). Is 1/z + (-80)/(-6) composite?
False
Suppose 0*y = y - 635. Is y a composite number?
True
Let v(c) = 22*c. Let s(b) = -23*b + 1. Let a(q) = -2*s(q) - 3*v(q). Is a(-2) a prime number?
False
Let p = -17 - -40. Is p a prime number?
True
Suppose 0*q + 4 = 2*q. Suppose -q*r - 264 = r. Let f = r - -141. Is f a composite number?
False
Suppose 0*p - 4*x = 2*p - 4, -p + 2*x - 14 = 0. Let c(f) be the second derivative of -3*f**5/20 - 2*f**4/3 - f**3/6 + 5*f**2/2 + 10*f. Is c(p) composite?
True
Let v be (2 - 0)*(-6)/(-4). Suppose 0 = -u - 0*u + 6. Suppose -u*l = -v*l - 12. Is l prime?
False
Suppose 3*t = 6 + 9. Suppose h + h = -t*p + 183, 5*p = -5*h + 420. Is h prime?
True
Let b = -381 - -668. Is b a composite number?
True
Let m(w) = w**2 + 3*w + 3. Let o be m(-3